{"id":23,"date":"2020-09-12T10:53:39","date_gmt":"2020-09-12T10:53:39","guid":{"rendered":"http:\/\/turklongboard.org\/?page_id=23"},"modified":"2023-03-01T21:20:11","modified_gmt":"2023-03-01T21:20:11","slug":"basinda-biz","status":"publish","type":"page","link":"https:\/\/turklongboard.org\/english\/basin-odasi\/basinda-biz\/","title":{"rendered":"Turk Longboard in the Press"},"content":{"rendered":"<div class=\"wpb-content-wrapper\"><div class=\"vc_row wpb_row vc_row-fluid\"><div class=\"wpb_column vc_column_container vc_col-sm-12\"><div class=\"vc_column-inner\"><div class=\"wpb_wrapper\">\t\t\t<link rel=\"stylesheet\" id=\"wd-section-title-css\" href=\"https:\/\/turklongboard.org\/wp-content\/themes\/woodmart\/css\/parts\/el-section-title.min.css?ver=7.3.2\" type=\"text\/css\" media=\"all\" \/> \t\t\t\t\t\t<link rel=\"stylesheet\" id=\"wd-section-title-style-simple-and-brd-css\" href=\"https:\/\/turklongboard.org\/wp-content\/themes\/woodmart\/css\/parts\/el-section-title-style-simple-and-brd.min.css?ver=7.3.2\" type=\"text\/css\" media=\"all\" \/> \t\t\t\t\t\t<link rel=\"stylesheet\" id=\"wd-mod-highlighted-text-css\" href=\"https:\/\/turklongboard.org\/wp-content\/themes\/woodmart\/css\/parts\/mod-highlighted-text.min.css?ver=7.3.2\" type=\"text\/css\" media=\"all\" \/> \t\t\t\n\t\t<div id=\"wd-5f7cb436181db\" class=\"title-wrapper wd-wpb set-mb-s reset-last-child  wd-rs-5f7cb436181db wd-title-color-default wd-title-style-bordered text-center  wd-underline-colored\">\n\t\t\t\n\t\t\t<div class=\"liner-continer\">\n\t\t\t\t<h4 class=\"woodmart-title-container title  wd-font-weight- wd-fontsize-l\" >Our News in the Press<\/h4>\n\t\t\t\t\t\t\t<\/div>\n\t\t\t\n\t\t\t\n\t\t\t\n\t\t<\/div>\n\t\t\n\t\t<\/div><\/div><\/div><\/div><div class=\"vc_row wpb_row vc_row-fluid\"><div class=\"wpb_column vc_column_container vc_col-sm-6\"><div class=\"vc_column-inner\"><div class=\"wpb_wrapper\">\n\t<div  class=\"wpb_single_image wpb_content_element vc_align_center vc_custom_1624904653465\">\n\t\t\n\t\t<figure class=\"wpb_wrapper vc_figure\">\n\t\t\t<a href=\"https:\/\/www.kadikoylife.com\/dunya-kaykay-gunu-kadikoyde-kutlandi\/\" target=\"_self\" class=\"vc_single_image-wrapper   vc_box_border_grey\" rel=\"noopener\"><img width=\"1024\" height=\"379\" src=\"https:\/\/turklongboard.s3.eu-central-1.amazonaws.com\/wp-content\/uploads\/2021\/06\/06143543\/WhatsApp-Image-2021-06-22-at-15.28.20-1024x379.jpeg\" class=\"vc_single_image-img attachment-large\" alt=\"Dunya Kaykay Gunu 2021\" decoding=\"async\" title=\"Dunya Kaykay Gunu 2021\" loading=\"lazy\" srcset=\"https:\/\/turklongboard.s3.eu-central-1.amazonaws.com\/wp-content\/uploads\/2021\/06\/06143543\/WhatsApp-Image-2021-06-22-at-15.28.20-1024x379.jpeg 1024w, https:\/\/turklongboard.s3.eu-central-1.amazonaws.com\/wp-content\/uploads\/2021\/06\/06143543\/WhatsApp-Image-2021-06-22-at-15.28.20-300x111.jpeg 300w, https:\/\/turklongboard.s3.eu-central-1.amazonaws.com\/wp-content\/uploads\/2021\/06\/06143543\/WhatsApp-Image-2021-06-22-at-15.28.20-768x284.jpeg 768w, https:\/\/turklongboard.s3.eu-central-1.amazonaws.com\/wp-content\/uploads\/2021\/06\/06143543\/WhatsApp-Image-2021-06-22-at-15.28.20-200x74.jpeg 200w, https:\/\/turklongboard.s3.eu-central-1.amazonaws.com\/wp-content\/uploads\/2021\/06\/06143543\/WhatsApp-Image-2021-06-22-at-15.28.20-16x6.jpeg 16w, https:\/\/turklongboard.s3.eu-central-1.amazonaws.com\/wp-content\/uploads\/2021\/06\/06143543\/WhatsApp-Image-2021-06-22-at-15.28.20-600x222.jpeg 600w, https:\/\/turklongboard.s3.eu-central-1.amazonaws.com\/wp-content\/uploads\/2021\/06\/06143543\/WhatsApp-Image-2021-06-22-at-15.28.20.jpeg 1296w\" sizes=\"(max-width: 1024px) 100vw, 1024px\" \/><\/a>\n\t\t<\/figure>\n\t<\/div>\n\n\t<div  class=\"wpb_single_image wpb_content_element vc_align_center vc_custom_1624904958148\">\n\t\t\n\t\t<figure class=\"wpb_wrapper vc_figure\">\n\t\t\t<a href=\"https:\/\/www.kadikoylife.com\/dunya-kaykay-gunu-kadikoyde-kutlandi\/\" target=\"_self\" class=\"vc_single_image-wrapper   vc_box_border_grey\" rel=\"noopener\"><img width=\"800\" height=\"310\" src=\"https:\/\/turklongboard.s3.eu-central-1.amazonaws.com\/wp-content\/uploads\/2021\/06\/06143541\/kadikoy-haber-3.jpg\" class=\"vc_single_image-img attachment-large\" alt=\"Kadikoy Dunya Kaykay Gunu\" decoding=\"async\" title=\"Kadikoy Dunya Kaykay Gunu\" loading=\"lazy\" srcset=\"https:\/\/turklongboard.s3.eu-central-1.amazonaws.com\/wp-content\/uploads\/2021\/06\/06143541\/kadikoy-haber-3.jpg 800w, https:\/\/turklongboard.s3.eu-central-1.amazonaws.com\/wp-content\/uploads\/2021\/06\/06143541\/kadikoy-haber-3-300x116.jpg 300w, https:\/\/turklongboard.s3.eu-central-1.amazonaws.com\/wp-content\/uploads\/2021\/06\/06143541\/kadikoy-haber-3-768x298.jpg 768w, https:\/\/turklongboard.s3.eu-central-1.amazonaws.com\/wp-content\/uploads\/2021\/06\/06143541\/kadikoy-haber-3-200x78.jpg 200w, https:\/\/turklongboard.s3.eu-central-1.amazonaws.com\/wp-content\/uploads\/2021\/06\/06143541\/kadikoy-haber-3-16x6.jpg 16w, https:\/\/turklongboard.s3.eu-central-1.amazonaws.com\/wp-content\/uploads\/2021\/06\/06143541\/kadikoy-haber-3-600x233.jpg 600w\" sizes=\"(max-width: 800px) 100vw, 800px\" \/><\/a>\n\t\t<\/figure>\n\t<\/div>\n\n\t<div  class=\"wpb_single_image wpb_content_element vc_align_center vc_custom_1624904759714\">\n\t\t\n\t\t<figure class=\"wpb_wrapper vc_figure\">\n\t\t\t<a href=\"https:\/\/www.kadikoylife.com\/dunya-kaykay-gunu-kadikoyde-kutlandi\/\" target=\"_self\" class=\"vc_single_image-wrapper   vc_box_border_grey\" rel=\"noopener\"><img width=\"800\" height=\"727\" src=\"https:\/\/turklongboard.s3.eu-central-1.amazonaws.com\/wp-content\/uploads\/2021\/06\/06143542\/Turk-Longboard-Dunya-Kaykay-Gunu.jpg\" class=\"vc_single_image-img attachment-large\" alt=\"Turk Longboard Dunya Kaykay Gunu\" decoding=\"async\" title=\"Turk Longboard Dunya Kaykay Gunu\" loading=\"lazy\" srcset=\"https:\/\/turklongboard.s3.eu-central-1.amazonaws.com\/wp-content\/uploads\/2021\/06\/06143542\/Turk-Longboard-Dunya-Kaykay-Gunu.jpg 800w, https:\/\/turklongboard.s3.eu-central-1.amazonaws.com\/wp-content\/uploads\/2021\/06\/06143542\/Turk-Longboard-Dunya-Kaykay-Gunu-300x273.jpg 300w, https:\/\/turklongboard.s3.eu-central-1.amazonaws.com\/wp-content\/uploads\/2021\/06\/06143542\/Turk-Longboard-Dunya-Kaykay-Gunu-768x698.jpg 768w, https:\/\/turklongboard.s3.eu-central-1.amazonaws.com\/wp-content\/uploads\/2021\/06\/06143542\/Turk-Longboard-Dunya-Kaykay-Gunu-200x182.jpg 200w, https:\/\/turklongboard.s3.eu-central-1.amazonaws.com\/wp-content\/uploads\/2021\/06\/06143542\/Turk-Longboard-Dunya-Kaykay-Gunu-13x12.jpg 13w, https:\/\/turklongboard.s3.eu-central-1.amazonaws.com\/wp-content\/uploads\/2021\/06\/06143542\/Turk-Longboard-Dunya-Kaykay-Gunu-600x545.jpg 600w\" sizes=\"(max-width: 800px) 100vw, 800px\" \/><\/a>\n\t\t<\/figure>\n\t<\/div>\n\n\t<div class=\"wpb_video_widget wpb_content_element vc_clearfix vc_video-aspect-ratio-169 vc_video-el-width-100 vc_video-align-center\" >\n\t\t<div class=\"wpb_wrapper\">\n\t\t\t\n\t\t\t<div class=\"wpb_video_wrapper\"><iframe title=\"Turk Longboard Anadolu Ajans\u0131 Haberi\" width=\"500\" height=\"281\" src=\"https:\/\/www.youtube.com\/embed\/r6KAjyPwgyc?feature=oembed\" frameborder=\"0\" allow=\"accelerometer; autoplay; clipboard-write; encrypted-media; gyroscope; picture-in-picture; web-share\" allowfullscreen><\/iframe><\/div>\n\t\t<\/div>\n\t<\/div>\n\n\t<div  class=\"wpb_single_image wpb_content_element vc_align_center vc_custom_1600538293856\">\n\t\t\n\t\t<figure class=\"wpb_wrapper vc_figure\">\n\t\t\t<a href=\"https:\/\/www.yenihaberden.com\/Enfal%20Altar%20%C3%87alapverdi-haberleri.htm\" target=\"_self\" class=\"vc_single_image-wrapper   vc_box_border_grey\" rel=\"noopener\"><img width=\"800\" height=\"533\" src=\"https:\/\/turklongboard.s3.eu-central-1.amazonaws.com\/wp-content\/uploads\/2020\/09\/06143845\/Karada-Sorf-Basin.jpg\" class=\"vc_single_image-img attachment-large\" alt=\"Karada-S\u00f6rf-Basin-Longboard-Haberi\" decoding=\"async\" title=\"Karada-S\u00f6rf-Basin\" loading=\"lazy\" srcset=\"https:\/\/turklongboard.s3.eu-central-1.amazonaws.com\/wp-content\/uploads\/2020\/09\/06143845\/Karada-Sorf-Basin.jpg 800w, https:\/\/turklongboard.s3.eu-central-1.amazonaws.com\/wp-content\/uploads\/2020\/09\/06143845\/Karada-Sorf-Basin-300x200.jpg 300w, https:\/\/turklongboard.s3.eu-central-1.amazonaws.com\/wp-content\/uploads\/2020\/09\/06143845\/Karada-Sorf-Basin-768x512.jpg 768w, https:\/\/turklongboard.s3.eu-central-1.amazonaws.com\/wp-content\/uploads\/2020\/09\/06143845\/Karada-Sorf-Basin-200x133.jpg 200w, https:\/\/turklongboard.s3.eu-central-1.amazonaws.com\/wp-content\/uploads\/2020\/09\/06143845\/Karada-Sorf-Basin-600x400.jpg 600w\" sizes=\"(max-width: 800px) 100vw, 800px\" \/><\/a>\n\t\t<\/figure>\n\t<\/div>\n<\/div><\/div><\/div><div class=\"wpb_column vc_column_container vc_col-sm-6\"><div class=\"vc_column-inner\"><div class=\"wpb_wrapper\">\n\t<div  class=\"wpb_single_image wpb_content_element vc_align_center vc_custom_1600538346344\">\n\t\t\n\t\t<figure class=\"wpb_wrapper vc_figure\">\n\t\t\t<a href=\"https:\/\/www.aa.com.tr\/tr\/spor\/denizdeki-sorf-tutkusunu-karada-yasiyorlar-\/1536839\" target=\"_self\" class=\"vc_single_image-wrapper   vc_box_border_grey\" rel=\"noopener\"><img width=\"800\" height=\"533\" src=\"https:\/\/turklongboard.s3.eu-central-1.amazonaws.com\/wp-content\/uploads\/2020\/09\/06143844\/Anadolu-Ajansi-Longboard-Basin.jpg\" class=\"vc_single_image-img attachment-large\" alt=\"Anadolu-Ajansi-Longboard-Basin\" decoding=\"async\" title=\"Anadolu-Ajansi-Longboard-Basin\" loading=\"lazy\" srcset=\"https:\/\/turklongboard.s3.eu-central-1.amazonaws.com\/wp-content\/uploads\/2020\/09\/06143844\/Anadolu-Ajansi-Longboard-Basin.jpg 800w, https:\/\/turklongboard.s3.eu-central-1.amazonaws.com\/wp-content\/uploads\/2020\/09\/06143844\/Anadolu-Ajansi-Longboard-Basin-300x200.jpg 300w, https:\/\/turklongboard.s3.eu-central-1.amazonaws.com\/wp-content\/uploads\/2020\/09\/06143844\/Anadolu-Ajansi-Longboard-Basin-768x512.jpg 768w, https:\/\/turklongboard.s3.eu-central-1.amazonaws.com\/wp-content\/uploads\/2020\/09\/06143844\/Anadolu-Ajansi-Longboard-Basin-200x133.jpg 200w, https:\/\/turklongboard.s3.eu-central-1.amazonaws.com\/wp-content\/uploads\/2020\/09\/06143844\/Anadolu-Ajansi-Longboard-Basin-600x400.jpg 600w\" sizes=\"(max-width: 800px) 100vw, 800px\" \/><\/a>\n\t\t<\/figure>\n\t<\/div>\n\n\t<div class=\"wpb_text_column wpb_content_element\" >\n\t\t<div class=\"wpb_wrapper\">\n\t\t\t<h4>Istanbul - Anadolu Agency - Kaan Bozdo\u011fan<\/h4>\n<div>\n<p>Longboard, which has become widespread among young people in recent years, carries the excitement of surfing in the sea to land. It is possible to come across longboard enthusiasts sometimes on the coastline or parks, and sometimes in traffic.<\/p>\n<p>The longboard, which emerged in the USA in the 1950s and became widespread over time and carried to the present day in different categories, attracts the attention of extraordinary sports enthusiasts in many countries. Asphalt experienced the excitement of surfing longboard, also sees great interest in recent years in Turkey.<\/p>\n<p>The Turkish Longboard Group, which was established two years ago in order to encourage people of all ages to participate in sports, to popularize longboarding and to gather those who love this sport under one roof, has 36 branches in 7 countries and more than 4 thousand riders.<\/p>\n<p>It is possible to come across the members of the community, which is based on spreading sports through various events and competitions, on the coastline or parks, and sometimes in traffic.<\/p>\n<p>Enfal Altar \u00c7alapverdi, one of the founders of the Turkish Longboard Group, told AA correspondent that he met longboarding while he was abroad for university education and that he has been passionately practicing this sport for about 8 years.<\/p>\n<p>Stating that he is continuing his career as a team athlete of an international longboard company, \u00c7alapverdi stated that he founded the Turkish Longboard Group with his friend.<\/p>\n<p>Turkey Longboard Community, in the category of Turkey's largest and the world's fourth largest community suggesting that the 24-year-old athlete, they also give consultancy services, train it said some athletes won awards in competitions.<\/p>\n<p>Emphasizing that longboards are safer than many sports branches on the contrary, \u00c7alapverdi said, \u201cLongboard comes from surfing culture. In the 1950s, when California surfers could not find waves, they started by putting their old quat skates under the surfboard. We are constantly moving from point A to point B, moving forward. We are moving as if we are on a wave. \" said.<\/p>\n<p>Stating that longboarding is a sport that can be done everywhere, but they need training and training grounds for its popularization, \u00c7alapverdi pointed out that longboarding is a sport that is independent of skateboarding.<\/p>\n<p>He chattered, \u201cIn general, everyone thinks of skateboard. When people see the longboard that is almost my size, they wonder what happened and come to us. Then they become friends with us and start this sport. \" used the expression.<\/p>\n<p>When I saw people longboard movements before, he said, \u201cI can never do these moves. My foot is broken, my arm is broken. \" \u00c7alapverdi, who expressed that he was caught in the feeling, noted that those who started sports started to do the movements easily.<\/p>\n<h3>\"We are doing a heavy training with 17 muscles working\"<\/h3>\n<p>Stating that he relieves stress with longboard during the rest of his work and sometimes goes to work with longboard, \u00c7alapverdi said, \u201cI can say that most of those who do this sport are white-collar. They go to their morning meetings, take off their tie, put on their t-shirt in the evening, and slip off with their longboard. We don't practice vagabonds. We do a heavy workout with 17 muscles. As this sport is developing abroad, families buy longboards for their children when they are 3-4 years old. \" he spoke.<\/p>\n<p>Pointing out that the longboard provides freedom in traffic, \u00c7alapverdi said that those who want to catch up with a shift or appointment sometimes get stuck in traffic and that he overcomes this situation with a longboard.<\/p>\n<p>\u00c7alapverdi stated that they also contributed to many social responsibility projects as a community.<\/p>\n<p>10-year-old athlete Arya Astarl\u0131 stated that she met longboard while skating on the beach and then received her training.<\/p>\n<p>Stating that she won the International Sporfest Competition as a result of the trainings, Astarl\u0131 stated that she received the greatest support from her family.<\/p>\n<p>She suggested the lined, longboard, to her peers, saying \"If I can, you can do it.\"<\/p>\n<\/div>\n\n\t\t<\/div>\n\t<\/div>\n\n\t<div  class=\"wpb_single_image wpb_content_element vc_align_left\">\n\t\t\n\t\t<figure class=\"wpb_wrapper vc_figure\">\n\t\t\t<a href=\"https:\/\/www.memleket.com.tr\/denizdeki-sorf-tutkusunu-karada-yasiyorlar-1813356h.htm\" target=\"_self\" class=\"vc_single_image-wrapper   vc_box_border_grey\" rel=\"noopener\"><img width=\"800\" height=\"375\" src=\"https:\/\/turklongboard.s3.eu-central-1.amazonaws.com\/wp-content\/uploads\/2020\/09\/06143846\/Memleket-Haber-Turk-Longboard-Basin.jpg\" class=\"vc_single_image-img attachment-large\" alt=\"Memleket-Haber-Turk-Longboard-Basin\" decoding=\"async\" title=\"Memleket-Haber-Turk-Longboard-Basin\" loading=\"lazy\" srcset=\"https:\/\/turklongboard.s3.eu-central-1.amazonaws.com\/wp-content\/uploads\/2020\/09\/06143846\/Memleket-Haber-Turk-Longboard-Basin.jpg 800w, https:\/\/turklongboard.s3.eu-central-1.amazonaws.com\/wp-content\/uploads\/2020\/09\/06143846\/Memleket-Haber-Turk-Longboard-Basin-300x141.jpg 300w, https:\/\/turklongboard.s3.eu-central-1.amazonaws.com\/wp-content\/uploads\/2020\/09\/06143846\/Memleket-Haber-Turk-Longboard-Basin-768x360.jpg 768w, https:\/\/turklongboard.s3.eu-central-1.amazonaws.com\/wp-content\/uploads\/2020\/09\/06143846\/Memleket-Haber-Turk-Longboard-Basin-200x94.jpg 200w, https:\/\/turklongboard.s3.eu-central-1.amazonaws.com\/wp-content\/uploads\/2020\/09\/06143846\/Memleket-Haber-Turk-Longboard-Basin-600x281.jpg 600w\" sizes=\"(max-width: 800px) 100vw, 800px\" \/><\/a>\n\t\t<\/figure>\n\t<\/div>\n\n\t<div  class=\"wpb_single_image wpb_content_element vc_align_center vc_custom_1600538388458\">\n\t\t\n\t\t<figure class=\"wpb_wrapper vc_figure\">\n\t\t\t<a href=\"https:\/\/www.mynet.com\/enfal-altar-calapverdi-haber-listesi\" target=\"_self\" class=\"vc_single_image-wrapper   vc_box_border_grey\" rel=\"noopener\"><img width=\"800\" height=\"375\" src=\"https:\/\/turklongboard.s3.eu-central-1.amazonaws.com\/wp-content\/uploads\/2020\/09\/06143844\/Mynet-Haber-Longboard-Basin.jpg\" class=\"vc_single_image-img attachment-large\" alt=\"Mynet-Haber-Longboard-Basin\" decoding=\"async\" title=\"Mynet-Haber-Longboard-Basin\" loading=\"lazy\" srcset=\"https:\/\/turklongboard.s3.eu-central-1.amazonaws.com\/wp-content\/uploads\/2020\/09\/06143844\/Mynet-Haber-Longboard-Basin.jpg 800w, https:\/\/turklongboard.s3.eu-central-1.amazonaws.com\/wp-content\/uploads\/2020\/09\/06143844\/Mynet-Haber-Longboard-Basin-300x141.jpg 300w, https:\/\/turklongboard.s3.eu-central-1.amazonaws.com\/wp-content\/uploads\/2020\/09\/06143844\/Mynet-Haber-Longboard-Basin-768x360.jpg 768w, https:\/\/turklongboard.s3.eu-central-1.amazonaws.com\/wp-content\/uploads\/2020\/09\/06143844\/Mynet-Haber-Longboard-Basin-200x94.jpg 200w, https:\/\/turklongboard.s3.eu-central-1.amazonaws.com\/wp-content\/uploads\/2020\/09\/06143844\/Mynet-Haber-Longboard-Basin-600x281.jpg 600w\" sizes=\"(max-width: 800px) 100vw, 800px\" \/><\/a>\n\t\t<\/figure>\n\t<\/div>\n<\/div><\/div><\/div><\/div>\n<\/div>","protected":false},"excerpt":{"rendered":"Bas\u0131nda \u00c7\u0131kan Haberlerimiz \u0130stanbul \u2013 Anadolu Ajans\u0131 \u2013 Kaan Bozdo\u011fan Son y\u0131llarda gen\u00e7ler aras\u0131nda yayg\u0131nla\u015fan\u00a0longboard, denizdeki s\u00f6rf heyecan\u0131n\u0131 karaya ta\u015f\u0131yor.","protected":false},"author":5,"featured_media":14137,"parent":180,"menu_order":0,"comment_status":"closed","ping_status":"closed","template":"","meta":{"footnotes":""},"_links":{"self":[{"href":"https:\/\/turklongboard.org\/english\/wp-json\/wp\/v2\/pages\/23"}],"collection":[{"href":"https:\/\/turklongboard.org\/english\/wp-json\/wp\/v2\/pages"}],"about":[{"href":"https:\/\/turklongboard.org\/english\/wp-json\/wp\/v2\/types\/page"}],"author":[{"embeddable":true,"href":"https:\/\/turklongboard.org\/english\/wp-json\/wp\/v2\/users\/5"}],"replies":[{"embeddable":true,"href":"https:\/\/turklongboard.org\/english\/wp-json\/wp\/v2\/comments?post=23"}],"version-history":[{"count":22,"href":"https:\/\/turklongboard.org\/english\/wp-json\/wp\/v2\/pages\/23\/revisions"}],"predecessor-version":[{"id":14731,"href":"https:\/\/turklongboard.org\/english\/wp-json\/wp\/v2\/pages\/23\/revisions\/14731"}],"up":[{"embeddable":true,"href":"https:\/\/turklongboard.org\/english\/wp-json\/wp\/v2\/pages\/180"}],"wp:featuredmedia":[{"embeddable":true,"href":"https:\/\/turklongboard.org\/english\/wp-json\/wp\/v2\/media\/14137"}],"wp:attachment":[{"href":"https:\/\/turklongboard.org\/english\/wp-json\/wp\/v2\/media?parent=23"}],"curies":[{"name":"wp","href":"https:\/\/api.w.org\/{rel}","templated":true}]}}